{"id":156,"date":"2023-06-08T11:47:45","date_gmt":"2023-06-08T14:47:45","guid":{"rendered":"https:\/\/carawelletur.com.br\/?page_id=156"},"modified":"2024-11-18T14:32:10","modified_gmt":"2024-11-18T17:32:10","slug":"nossa-frota-2","status":"publish","type":"page","link":"https:\/\/carawelletur.com.br\/index.php\/nossa-frota-2\/","title":{"rendered":"Nossa Frota"},"content":{"rendered":"\n<p><strong>Carro:<\/strong><\/p>\n\n\n\n<p>USB<\/p>\n\n\n\n<p>Ar Condicionado<\/p>\n\n\n\n<figure class=\"wp-block-gallery has-nested-images columns-default is-cropped wp-block-gallery-1 is-layout-flex wp-block-gallery-is-layout-flex\">\n<figure class=\"wp-block-image size-large\"><img loading=\"lazy\" decoding=\"async\" width=\"1024\" height=\"768\" data-id=\"135\" src=\"https:\/\/carawelletur.com.br\/wp-content\/uploads\/2023\/06\/IMG_20230607_142720-1024x768.jpg\" alt=\"\" class=\"wp-image-135\" srcset=\"https:\/\/carawelletur.com.br\/wp-content\/uploads\/2023\/06\/IMG_20230607_142720-1024x768.jpg 1024w, https:\/\/carawelletur.com.br\/wp-content\/uploads\/2023\/06\/IMG_20230607_142720-300x225.jpg 300w, https:\/\/carawelletur.com.br\/wp-content\/uploads\/2023\/06\/IMG_20230607_142720-768x576.jpg 768w, https:\/\/carawelletur.com.br\/wp-content\/uploads\/2023\/06\/IMG_20230607_142720-1536x1152.jpg 1536w, https:\/\/carawelletur.com.br\/wp-content\/uploads\/2023\/06\/IMG_20230607_142720-2048x1536.jpg 2048w, https:\/\/carawelletur.com.br\/wp-content\/uploads\/2023\/06\/IMG_20230607_142720-600x450.jpg 600w\" sizes=\"auto, (max-width: 1024px) 100vw, 1024px\" \/><\/figure>\n\n\n\n<figure class=\"wp-block-image size-large\"><img loading=\"lazy\" decoding=\"async\" width=\"1024\" height=\"768\" data-id=\"138\" src=\"https:\/\/carawelletur.com.br\/wp-content\/uploads\/2023\/06\/IMG_20230607_142811-1024x768.jpg\" alt=\"\" class=\"wp-image-138\" srcset=\"https:\/\/carawelletur.com.br\/wp-content\/uploads\/2023\/06\/IMG_20230607_142811-1024x768.jpg 1024w, https:\/\/carawelletur.com.br\/wp-content\/uploads\/2023\/06\/IMG_20230607_142811-300x225.jpg 300w, https:\/\/carawelletur.com.br\/wp-content\/uploads\/2023\/06\/IMG_20230607_142811-768x576.jpg 768w, https:\/\/carawelletur.com.br\/wp-content\/uploads\/2023\/06\/IMG_20230607_142811-1536x1152.jpg 1536w, https:\/\/carawelletur.com.br\/wp-content\/uploads\/2023\/06\/IMG_20230607_142811-2048x1536.jpg 2048w, https:\/\/carawelletur.com.br\/wp-content\/uploads\/2023\/06\/IMG_20230607_142811-600x450.jpg 600w\" sizes=\"auto, (max-width: 1024px) 100vw, 1024px\" \/><\/figure>\n<\/figure>\n\n\n\n<p><strong>Van Convencional:<\/strong><\/p>\n\n\n\n<p>Banco Semi Reclinavel<\/p>\n\n\n\n<p>Ar Condicionado<\/p>\n\n\n\n<p>USB (Tipo C F\u00eamea)<\/p>\n\n\n\n<figure class=\"wp-block-gallery has-nested-images columns-default is-cropped wp-block-gallery-2 is-layout-flex wp-block-gallery-is-layout-flex\">\n<figure class=\"wp-block-image size-large\"><img loading=\"lazy\" decoding=\"async\" width=\"1024\" height=\"768\" data-id=\"142\" src=\"https:\/\/carawelletur.com.br\/wp-content\/uploads\/2023\/06\/IMG_20230607_090001-1024x768.jpg\" alt=\"\" class=\"wp-image-142\" srcset=\"https:\/\/carawelletur.com.br\/wp-content\/uploads\/2023\/06\/IMG_20230607_090001-1024x768.jpg 1024w, https:\/\/carawelletur.com.br\/wp-content\/uploads\/2023\/06\/IMG_20230607_090001-300x225.jpg 300w, https:\/\/carawelletur.com.br\/wp-content\/uploads\/2023\/06\/IMG_20230607_090001-768x576.jpg 768w, https:\/\/carawelletur.com.br\/wp-content\/uploads\/2023\/06\/IMG_20230607_090001-1536x1152.jpg 1536w, https:\/\/carawelletur.com.br\/wp-content\/uploads\/2023\/06\/IMG_20230607_090001-2048x1536.jpg 2048w, https:\/\/carawelletur.com.br\/wp-content\/uploads\/2023\/06\/IMG_20230607_090001-600x450.jpg 600w\" sizes=\"auto, (max-width: 1024px) 100vw, 1024px\" \/><\/figure>\n\n\n\n<figure class=\"wp-block-image size-large\"><img loading=\"lazy\" decoding=\"async\" width=\"1024\" height=\"768\" data-id=\"145\" src=\"https:\/\/carawelletur.com.br\/wp-content\/uploads\/2023\/06\/IMG_20230607_090406-1024x768.jpg\" alt=\"\" class=\"wp-image-145\" srcset=\"https:\/\/carawelletur.com.br\/wp-content\/uploads\/2023\/06\/IMG_20230607_090406-1024x768.jpg 1024w, https:\/\/carawelletur.com.br\/wp-content\/uploads\/2023\/06\/IMG_20230607_090406-300x225.jpg 300w, https:\/\/carawelletur.com.br\/wp-content\/uploads\/2023\/06\/IMG_20230607_090406-768x576.jpg 768w, https:\/\/carawelletur.com.br\/wp-content\/uploads\/2023\/06\/IMG_20230607_090406-1536x1152.jpg 1536w, https:\/\/carawelletur.com.br\/wp-content\/uploads\/2023\/06\/IMG_20230607_090406-2048x1536.jpg 2048w, https:\/\/carawelletur.com.br\/wp-content\/uploads\/2023\/06\/IMG_20230607_090406-600x450.jpg 600w\" sizes=\"auto, (max-width: 1024px) 100vw, 1024px\" \/><\/figure>\n<\/figure>\n\n\n\n<p><strong>Van Executiva:<\/strong><\/p>\n\n\n\n<p>Banco Reclin\u00e1vel<\/p>\n\n\n\n<p>Ar Condicionado<\/p>\n\n\n\n<p>Carregador USB<\/p>\n\n\n\n<p>DVD (Opcional)<\/p>\n\n\n\n<figure class=\"wp-block-gallery has-nested-images columns-default is-cropped wp-block-gallery-3 is-layout-flex wp-block-gallery-is-layout-flex\">\n<figure class=\"wp-block-image size-large\"><img loading=\"lazy\" decoding=\"async\" width=\"1024\" height=\"768\" data-id=\"157\" src=\"https:\/\/carawelletur.com.br\/wp-content\/uploads\/2023\/06\/IMG_20230501_152611-1024x768.jpg\" alt=\"\" class=\"wp-image-157\" srcset=\"https:\/\/carawelletur.com.br\/wp-content\/uploads\/2023\/06\/IMG_20230501_152611-1024x768.jpg 1024w, https:\/\/carawelletur.com.br\/wp-content\/uploads\/2023\/06\/IMG_20230501_152611-300x225.jpg 300w, https:\/\/carawelletur.com.br\/wp-content\/uploads\/2023\/06\/IMG_20230501_152611-768x576.jpg 768w, https:\/\/carawelletur.com.br\/wp-content\/uploads\/2023\/06\/IMG_20230501_152611-1536x1152.jpg 1536w, https:\/\/carawelletur.com.br\/wp-content\/uploads\/2023\/06\/IMG_20230501_152611-2048x1536.jpg 2048w, https:\/\/carawelletur.com.br\/wp-content\/uploads\/2023\/06\/IMG_20230501_152611-600x450.jpg 600w\" sizes=\"auto, (max-width: 1024px) 100vw, 1024px\" \/><\/figure>\n\n\n\n<figure class=\"wp-block-image size-large\"><img loading=\"lazy\" decoding=\"async\" width=\"1024\" height=\"768\" data-id=\"143\" src=\"https:\/\/carawelletur.com.br\/wp-content\/uploads\/2023\/06\/IMG_20230607_090135-1024x768.jpg\" alt=\"\" class=\"wp-image-143\" srcset=\"https:\/\/carawelletur.com.br\/wp-content\/uploads\/2023\/06\/IMG_20230607_090135-1024x768.jpg 1024w, https:\/\/carawelletur.com.br\/wp-content\/uploads\/2023\/06\/IMG_20230607_090135-300x225.jpg 300w, https:\/\/carawelletur.com.br\/wp-content\/uploads\/2023\/06\/IMG_20230607_090135-768x576.jpg 768w, https:\/\/carawelletur.com.br\/wp-content\/uploads\/2023\/06\/IMG_20230607_090135-1536x1152.jpg 1536w, https:\/\/carawelletur.com.br\/wp-content\/uploads\/2023\/06\/IMG_20230607_090135-2048x1536.jpg 2048w, https:\/\/carawelletur.com.br\/wp-content\/uploads\/2023\/06\/IMG_20230607_090135-600x450.jpg 600w\" sizes=\"auto, (max-width: 1024px) 100vw, 1024px\" \/><\/figure>\n<\/figure>\n\n\n\n<p><\/p>\n\n\n\n<p>Micro \u00f4nibus Executivo:<\/p>\n\n\n\n<p>Van Executiva:<\/p>\n\n\n\n<p>Banco Reclin\u00e1vel<\/p>\n\n\n\n<p>Ar Condicionado<\/p>\n\n\n\n<p>Carregador USB (Opcional)<\/p>\n\n\n\n<p>DVD (Opcional)<\/p>\n\n\n\n<figure class=\"wp-block-gallery has-nested-images columns-default is-cropped wp-block-gallery-4 is-layout-flex wp-block-gallery-is-layout-flex\">\n<figure class=\"wp-block-image size-large\"><img loading=\"lazy\" decoding=\"async\" width=\"576\" height=\"280\" data-id=\"17\" src=\"https:\/\/carawelletur.com.br\/wp-content\/uploads\/2023\/06\/carawelle-tur.jpg\" alt=\"\" class=\"wp-image-17\" srcset=\"https:\/\/carawelletur.com.br\/wp-content\/uploads\/2023\/06\/carawelle-tur.jpg 576w, https:\/\/carawelletur.com.br\/wp-content\/uploads\/2023\/06\/carawelle-tur-300x146.jpg 300w\" sizes=\"auto, (max-width: 576px) 100vw, 576px\" \/><\/figure>\n\n\n\n<figure class=\"wp-block-image size-large\"><img loading=\"lazy\" decoding=\"async\" width=\"1024\" height=\"768\" data-id=\"158\" src=\"https:\/\/carawelletur.com.br\/wp-content\/uploads\/2023\/06\/IMG_20230607_090516-1024x768.jpg\" alt=\"\" class=\"wp-image-158\" srcset=\"https:\/\/carawelletur.com.br\/wp-content\/uploads\/2023\/06\/IMG_20230607_090516-1024x768.jpg 1024w, https:\/\/carawelletur.com.br\/wp-content\/uploads\/2023\/06\/IMG_20230607_090516-300x225.jpg 300w, https:\/\/carawelletur.com.br\/wp-content\/uploads\/2023\/06\/IMG_20230607_090516-768x576.jpg 768w, https:\/\/carawelletur.com.br\/wp-content\/uploads\/2023\/06\/IMG_20230607_090516-1536x1152.jpg 1536w, https:\/\/carawelletur.com.br\/wp-content\/uploads\/2023\/06\/IMG_20230607_090516-2048x1536.jpg 2048w, https:\/\/carawelletur.com.br\/wp-content\/uploads\/2023\/06\/IMG_20230607_090516-600x450.jpg 600w\" sizes=\"auto, (max-width: 1024px) 100vw, 1024px\" \/><\/figure>\n\n\n\n<figure class=\"wp-block-image size-large\"><img loading=\"lazy\" decoding=\"async\" width=\"1024\" height=\"768\" data-id=\"159\" src=\"https:\/\/carawelletur.com.br\/wp-content\/uploads\/2023\/06\/IMG_20230607_090536-1024x768.jpg\" alt=\"\" class=\"wp-image-159\" srcset=\"https:\/\/carawelletur.com.br\/wp-content\/uploads\/2023\/06\/IMG_20230607_090536-1024x768.jpg 1024w, https:\/\/carawelletur.com.br\/wp-content\/uploads\/2023\/06\/IMG_20230607_090536-300x225.jpg 300w, https:\/\/carawelletur.com.br\/wp-content\/uploads\/2023\/06\/IMG_20230607_090536-768x576.jpg 768w, https:\/\/carawelletur.com.br\/wp-content\/uploads\/2023\/06\/IMG_20230607_090536-1536x1152.jpg 1536w, https:\/\/carawelletur.com.br\/wp-content\/uploads\/2023\/06\/IMG_20230607_090536-2048x1536.jpg 2048w, https:\/\/carawelletur.com.br\/wp-content\/uploads\/2023\/06\/IMG_20230607_090536-600x450.jpg 600w\" sizes=\"auto, (max-width: 1024px) 100vw, 1024px\" \/><\/figure>\n\n\n\n<figure class=\"wp-block-image size-large\"><img loading=\"lazy\" decoding=\"async\" width=\"1024\" height=\"768\" data-id=\"160\" src=\"https:\/\/carawelletur.com.br\/wp-content\/uploads\/2023\/06\/IMG_20230607_090551-1024x768.jpg\" alt=\"\" class=\"wp-image-160\" srcset=\"https:\/\/carawelletur.com.br\/wp-content\/uploads\/2023\/06\/IMG_20230607_090551-1024x768.jpg 1024w, https:\/\/carawelletur.com.br\/wp-content\/uploads\/2023\/06\/IMG_20230607_090551-300x225.jpg 300w, https:\/\/carawelletur.com.br\/wp-content\/uploads\/2023\/06\/IMG_20230607_090551-768x576.jpg 768w, https:\/\/carawelletur.com.br\/wp-content\/uploads\/2023\/06\/IMG_20230607_090551-1536x1152.jpg 1536w, https:\/\/carawelletur.com.br\/wp-content\/uploads\/2023\/06\/IMG_20230607_090551-2048x1536.jpg 2048w, https:\/\/carawelletur.com.br\/wp-content\/uploads\/2023\/06\/IMG_20230607_090551-600x450.jpg 600w\" sizes=\"auto, (max-width: 1024px) 100vw, 1024px\" \/><\/figure>\n<\/figure>\n\n\n\n<p><strong>\u00d4nibus Convencional:<\/strong><\/p>\n\n\n\n<p>Banco Reclin\u00e1vel<\/p>\n\n\n\n<p>Ar Condicionado<\/p>\n\n\n\n<figure class=\"wp-block-gallery has-nested-images columns-default is-cropped wp-block-gallery-5 is-layout-flex wp-block-gallery-is-layout-flex\">\n<figure class=\"wp-block-image size-large\"><img loading=\"lazy\" decoding=\"async\" width=\"1024\" height=\"1024\" data-id=\"96\" src=\"https:\/\/carawelletur.com.br\/wp-content\/uploads\/2023\/06\/cropped-IMG_20230602_102351-scaled-1-1024x1024.jpg\" alt=\"\" class=\"wp-image-96\" srcset=\"https:\/\/carawelletur.com.br\/wp-content\/uploads\/2023\/06\/cropped-IMG_20230602_102351-scaled-1-1024x1024.jpg 1024w, https:\/\/carawelletur.com.br\/wp-content\/uploads\/2023\/06\/cropped-IMG_20230602_102351-scaled-1-300x300.jpg 300w, https:\/\/carawelletur.com.br\/wp-content\/uploads\/2023\/06\/cropped-IMG_20230602_102351-scaled-1-150x150.jpg 150w, https:\/\/carawelletur.com.br\/wp-content\/uploads\/2023\/06\/cropped-IMG_20230602_102351-scaled-1-768x768.jpg 768w, https:\/\/carawelletur.com.br\/wp-content\/uploads\/2023\/06\/cropped-IMG_20230602_102351-scaled-1-1536x1536.jpg 1536w, https:\/\/carawelletur.com.br\/wp-content\/uploads\/2023\/06\/cropped-IMG_20230602_102351-scaled-1-600x600.jpg 600w, https:\/\/carawelletur.com.br\/wp-content\/uploads\/2023\/06\/cropped-IMG_20230602_102351-scaled-1-100x100.jpg 100w, https:\/\/carawelletur.com.br\/wp-content\/uploads\/2023\/06\/cropped-IMG_20230602_102351-scaled-1.jpg 1920w\" sizes=\"auto, (max-width: 1024px) 100vw, 1024px\" \/><\/figure>\n\n\n\n<figure class=\"wp-block-image size-large\"><img loading=\"lazy\" decoding=\"async\" width=\"1024\" height=\"768\" data-id=\"163\" src=\"https:\/\/carawelletur.com.br\/wp-content\/uploads\/2023\/06\/IMG_20230503_085919-1024x768.jpg\" alt=\"\" class=\"wp-image-163\" srcset=\"https:\/\/carawelletur.com.br\/wp-content\/uploads\/2023\/06\/IMG_20230503_085919-1024x768.jpg 1024w, https:\/\/carawelletur.com.br\/wp-content\/uploads\/2023\/06\/IMG_20230503_085919-300x225.jpg 300w, https:\/\/carawelletur.com.br\/wp-content\/uploads\/2023\/06\/IMG_20230503_085919-768x576.jpg 768w, https:\/\/carawelletur.com.br\/wp-content\/uploads\/2023\/06\/IMG_20230503_085919-1536x1152.jpg 1536w, https:\/\/carawelletur.com.br\/wp-content\/uploads\/2023\/06\/IMG_20230503_085919-2048x1536.jpg 2048w, https:\/\/carawelletur.com.br\/wp-content\/uploads\/2023\/06\/IMG_20230503_085919-600x450.jpg 600w\" sizes=\"auto, (max-width: 1024px) 100vw, 1024px\" \/><\/figure>\n\n\n\n<figure class=\"wp-block-image size-large\"><img loading=\"lazy\" decoding=\"async\" width=\"1024\" height=\"768\" data-id=\"164\" src=\"https:\/\/carawelletur.com.br\/wp-content\/uploads\/2023\/06\/IMG_20230503_085941-1024x768.jpg\" alt=\"\" class=\"wp-image-164\" srcset=\"https:\/\/carawelletur.com.br\/wp-content\/uploads\/2023\/06\/IMG_20230503_085941-1024x768.jpg 1024w, https:\/\/carawelletur.com.br\/wp-content\/uploads\/2023\/06\/IMG_20230503_085941-300x225.jpg 300w, https:\/\/carawelletur.com.br\/wp-content\/uploads\/2023\/06\/IMG_20230503_085941-768x576.jpg 768w, https:\/\/carawelletur.com.br\/wp-content\/uploads\/2023\/06\/IMG_20230503_085941-1536x1152.jpg 1536w, https:\/\/carawelletur.com.br\/wp-content\/uploads\/2023\/06\/IMG_20230503_085941-2048x1536.jpg 2048w, https:\/\/carawelletur.com.br\/wp-content\/uploads\/2023\/06\/IMG_20230503_085941-600x450.jpg 600w\" sizes=\"auto, (max-width: 1024px) 100vw, 1024px\" \/><\/figure>\n<\/figure>\n\n\n\n<p><strong>\u00d4nibus Executivo:<\/strong><\/p>\n\n\n\n<p>Banco Reclin\u00e1vel<\/p>\n\n\n\n<p>Ar Condicionado<\/p>\n\n\n\n<p>Sanit\u00e1rio<\/p>\n\n\n\n<p>Geladeira<\/p>\n\n\n\n<p>DVD (Opcional)<\/p>\n\n\n\n<figure class=\"wp-block-gallery has-nested-images columns-default is-cropped wp-block-gallery-6 is-layout-flex wp-block-gallery-is-layout-flex\">\n<figure class=\"wp-block-image size-large\"><img loading=\"lazy\" decoding=\"async\" width=\"1024\" height=\"768\" data-id=\"420\" src=\"https:\/\/carawelletur.com.br\/wp-content\/uploads\/2024\/11\/20241118_1422001-1-1024x768.jpg\" alt=\"\" class=\"wp-image-420\" srcset=\"https:\/\/carawelletur.com.br\/wp-content\/uploads\/2024\/11\/20241118_1422001-1-1024x768.jpg 1024w, https:\/\/carawelletur.com.br\/wp-content\/uploads\/2024\/11\/20241118_1422001-1-300x225.jpg 300w, https:\/\/carawelletur.com.br\/wp-content\/uploads\/2024\/11\/20241118_1422001-1-768x576.jpg 768w, https:\/\/carawelletur.com.br\/wp-content\/uploads\/2024\/11\/20241118_1422001-1-1536x1152.jpg 1536w, https:\/\/carawelletur.com.br\/wp-content\/uploads\/2024\/11\/20241118_1422001-1-2048x1536.jpg 2048w\" sizes=\"auto, (max-width: 1024px) 100vw, 1024px\" \/><\/figure>\n\n\n\n<figure class=\"wp-block-image size-large\"><img loading=\"lazy\" decoding=\"async\" width=\"1024\" height=\"768\" data-id=\"422\" src=\"https:\/\/carawelletur.com.br\/wp-content\/uploads\/2024\/11\/20241118_1422271-1024x768.jpg\" alt=\"\" class=\"wp-image-422\" srcset=\"https:\/\/carawelletur.com.br\/wp-content\/uploads\/2024\/11\/20241118_1422271-1024x768.jpg 1024w, https:\/\/carawelletur.com.br\/wp-content\/uploads\/2024\/11\/20241118_1422271-300x225.jpg 300w, https:\/\/carawelletur.com.br\/wp-content\/uploads\/2024\/11\/20241118_1422271-768x576.jpg 768w, https:\/\/carawelletur.com.br\/wp-content\/uploads\/2024\/11\/20241118_1422271-1536x1152.jpg 1536w, https:\/\/carawelletur.com.br\/wp-content\/uploads\/2024\/11\/20241118_1422271-2048x1536.jpg 2048w\" sizes=\"auto, (max-width: 1024px) 100vw, 1024px\" \/><\/figure>\n\n\n\n<figure class=\"wp-block-image size-large\"><img loading=\"lazy\" decoding=\"async\" width=\"1024\" height=\"623\" data-id=\"92\" src=\"https:\/\/carawelletur.com.br\/wp-content\/uploads\/2023\/06\/cropped-mangalarga-1-1024x623.jpg\" alt=\"\" class=\"wp-image-92\" srcset=\"https:\/\/carawelletur.com.br\/wp-content\/uploads\/2023\/06\/cropped-mangalarga-1-1024x623.jpg 1024w, https:\/\/carawelletur.com.br\/wp-content\/uploads\/2023\/06\/cropped-mangalarga-1-300x182.jpg 300w, https:\/\/carawelletur.com.br\/wp-content\/uploads\/2023\/06\/cropped-mangalarga-1-768x467.jpg 768w, https:\/\/carawelletur.com.br\/wp-content\/uploads\/2023\/06\/cropped-mangalarga-1-600x365.jpg 600w, https:\/\/carawelletur.com.br\/wp-content\/uploads\/2023\/06\/cropped-mangalarga-1.jpg 1133w\" sizes=\"auto, (max-width: 1024px) 100vw, 1024px\" \/><\/figure>\n<\/figure>\n","protected":false},"excerpt":{"rendered":"<p>Carro: USB Ar Condicionado Van Convencional: Banco Semi Reclinavel Ar Condicionado USB (Tipo C F\u00eamea) Van Executiva: Banco Reclin\u00e1vel Ar Condicionado Carregador USB DVD (Opcional) Micro \u00f4nibus Executivo: Van Executiva: Banco Reclin\u00e1vel Ar Condicionado Carregador USB (Opcional) DVD (Opcional) \u00d4nibus Convencional: Banco Reclin\u00e1vel Ar Condicionado \u00d4nibus Executivo: Banco Reclin\u00e1vel Ar Condicionado Sanit\u00e1rio Geladeira DVD (Opcional)<\/p>\n","protected":false},"author":1,"featured_media":0,"parent":0,"menu_order":0,"comment_status":"closed","ping_status":"closed","template":"","meta":{"om_disable_all_campaigns":false,"_monsterinsights_skip_tracking":false,"_monsterinsights_sitenote_active":false,"_monsterinsights_sitenote_note":"","_monsterinsights_sitenote_category":0,"_joinchat":[],"footnotes":""},"class_list":["post-156","page","type-page","status-publish","hentry"],"aioseo_notices":[],"_links":{"self":[{"href":"https:\/\/carawelletur.com.br\/index.php\/wp-json\/wp\/v2\/pages\/156","targetHints":{"allow":["GET"]}}],"collection":[{"href":"https:\/\/carawelletur.com.br\/index.php\/wp-json\/wp\/v2\/pages"}],"about":[{"href":"https:\/\/carawelletur.com.br\/index.php\/wp-json\/wp\/v2\/types\/page"}],"author":[{"embeddable":true,"href":"https:\/\/carawelletur.com.br\/index.php\/wp-json\/wp\/v2\/users\/1"}],"replies":[{"embeddable":true,"href":"https:\/\/carawelletur.com.br\/index.php\/wp-json\/wp\/v2\/comments?post=156"}],"version-history":[{"count":3,"href":"https:\/\/carawelletur.com.br\/index.php\/wp-json\/wp\/v2\/pages\/156\/revisions"}],"predecessor-version":[{"id":423,"href":"https:\/\/carawelletur.com.br\/index.php\/wp-json\/wp\/v2\/pages\/156\/revisions\/423"}],"wp:attachment":[{"href":"https:\/\/carawelletur.com.br\/index.php\/wp-json\/wp\/v2\/media?parent=156"}],"curies":[{"name":"wp","href":"https:\/\/api.w.org\/{rel}","templated":true}]}}