{"id":318,"date":"2024-02-02T11:18:53","date_gmt":"2024-02-02T14:18:53","guid":{"rendered":"https:\/\/carawelletur.com.br\/?page_id=318"},"modified":"2025-06-25T09:17:24","modified_gmt":"2025-06-25T12:17:24","slug":"venda-de-veiculos-usados","status":"publish","type":"page","link":"https:\/\/carawelletur.com.br\/index.php\/venda-de-veiculos-usados\/","title":{"rendered":"Venda De ve\u00edculos usados"},"content":{"rendered":"\n<p><\/p>\n\n\n\n<p>Localiza\u00e7\u00e3o dos ve\u00edculos: Travessa Cruz machado 75, Tel\u00eamaco Borba-PR CEP 84262-190<\/p>\n\n\n\n<p>para saber quais veiculos est\u00e3o a venda comunicar<\/p>\n\n\n\n<p>Departamento de vendas : +55 (42) 8415-1234 (Airton Neto)\/+55 (42) 9960-4343 (Airton gerente)<\/p>\n","protected":false},"excerpt":{"rendered":"<p>Localiza\u00e7\u00e3o dos ve\u00edculos: Travessa Cruz machado 75, Tel\u00eamaco Borba-PR CEP 84262-190 para saber quais veiculos est\u00e3o a venda comunicar Departamento de vendas : +55 (42) 8415-1234 (Airton Neto)\/+55 (42) 9960-4343 (Airton gerente)<\/p>\n","protected":false},"author":1,"featured_media":0,"parent":0,"menu_order":0,"comment_status":"closed","ping_status":"closed","template":"","meta":{"om_disable_all_campaigns":false,"_monsterinsights_skip_tracking":false,"_monsterinsights_sitenote_active":false,"_monsterinsights_sitenote_note":"","_monsterinsights_sitenote_category":0,"_joinchat":[],"footnotes":""},"class_list":["post-318","page","type-page","status-publish","hentry"],"aioseo_notices":[],"_links":{"self":[{"href":"https:\/\/carawelletur.com.br\/index.php\/wp-json\/wp\/v2\/pages\/318","targetHints":{"allow":["GET"]}}],"collection":[{"href":"https:\/\/carawelletur.com.br\/index.php\/wp-json\/wp\/v2\/pages"}],"about":[{"href":"https:\/\/carawelletur.com.br\/index.php\/wp-json\/wp\/v2\/types\/page"}],"author":[{"embeddable":true,"href":"https:\/\/carawelletur.com.br\/index.php\/wp-json\/wp\/v2\/users\/1"}],"replies":[{"embeddable":true,"href":"https:\/\/carawelletur.com.br\/index.php\/wp-json\/wp\/v2\/comments?post=318"}],"version-history":[{"count":7,"href":"https:\/\/carawelletur.com.br\/index.php\/wp-json\/wp\/v2\/pages\/318\/revisions"}],"predecessor-version":[{"id":477,"href":"https:\/\/carawelletur.com.br\/index.php\/wp-json\/wp\/v2\/pages\/318\/revisions\/477"}],"wp:attachment":[{"href":"https:\/\/carawelletur.com.br\/index.php\/wp-json\/wp\/v2\/media?parent=318"}],"curies":[{"name":"wp","href":"https:\/\/api.w.org\/{rel}","templated":true}]}}